s 3295734397 prime?
True
Is 5453911667 a composite number?
False
Is 795736691 prime?
True
Is 84182382113 prime?
True
Is 10464746959 prime?
True
Is 18913107317 prime?
False
Is 1067159857 a prime number?
True
Is 1045668851 composite?
True
Is 7836018427 a prime number?
False
Is 159616231 prime?
False
Is 164667187 composite?
False
Is 1776807849 prime?
False
Is 2147963143 a prime number?
False
Is 1958422223 a composite number?
True
Is 651490597 composite?
True
Is 685135667 a composite number?
False
Is 68045167 prime?
False
Is 6682531 a prime number?
False
Is 225310847 a prime number?
False
Is 547830259 a prime number?
True
Is 104679767 prime?
True
Is 8906607097 prime?
False
Is 994980377 a prime number?
True
Is 22082470559 a composite number?
False
Is 2233247477 prime?
False
Is 8356901473 composite?
True
Is 5077864697 a prime number?
False
Is 60891444571 a prime number?
True
Is 156055714039 a composite number?
False
Is 168576377 a prime number?
True
Is 867855991 composite?
True
Is 182963539 composite?
True
Is 18293975537 composite?
True
Is 2771820241 a composite number?
True
Is 2752841519 a composite number?
False
Is 49893728491 a composite number?
True
Is 99671873 composite?
True
Is 1268898859 a prime number?
True
Is 18476722993 composite?
True
Is 350201081 composite?
False
Is 3316311721 a composite number?
False
Is 763432061 a prime number?
False
Is 2772107831 a prime number?
False
Is 6051161 prime?
True
Is 15456556849 composite?
True
Is 185642101 composite?
False
Is 322322929 a prime number?
False
Is 5093282539 a prime number?
True
Is 110800617677 a prime number?
True
Is 273974038477 composite?
False
Is 5845122781 a composite number?
True
Is 9212827633 prime?
False
Is 1329262643 a prime number?
False
Is 1136061191 a prime number?
True
Is 1246566094 a prime number?
False
Is 3201701303 a prime number?
True
Is 2147659651 a composite number?
False
Is 265523023 a composite number?
True
Is 6637036093 prime?
True
Is 5722832539 prime?
True
Is 3403911113 a prime number?
True
Is 3901635869 a composite number?
False
Is 4555371503 composite?
False
Is 5357687087 a composite number?
True
Is 32288957357 a prime number?
True
Is 4335673253 composite?
False
Is 25853539273 a composite number?
True
Is 2304373 composite?
False
Is 85601141 a prime number?
False
Is 723622649 prime?
True
Is 15369636983 a prime number?
True
Is 4321090313 a prime number?
True
Is 5319830641 a prime number?
True
Is 1223303959 a prime number?
True
Is 13899495031 a prime number?
True
Is 6697108207 a composite number?
False
Is 1548858197 a composite number?
False
Is 861105391 prime?
True
Is 73642015177 a composite number?
True
Is 271547237581 composite?
False
Is 9611296679 composite?
False
Is 380555519 a prime number?
False
Is 2004799163 composite?
True
Is 799409257 a prime number?
True
Is 217760078 a composite number?
True
Is 137665943 composite?
False
Is 61357348499 a prime number?
True
Is 17643902951 a composite number?
True
Is 51835610951 a composite number?
False
Is 1622529067 composite?
True
Is 690527797 composite?
False
Is 26116572535 a prime number?
False
Is 2184723451 a prime number?
False
Is 400570717 a prime number?
True
Is 969650447 a composite number?
True
Is 3932326571 composite?
False
Is 9161676323 composite?
False
Is 1897594819 a composite number?
False
Is 87414517 a prime number?
True
Is 299819057 prime?
True
Is 708436549 prime?
True
Is 17675963 a composite number?
False
Is 8553553207 a composite number?
False
Is 219099113 prime?
False
Is 1886839609 composite?
False
Is 14956423961 prime?
True
Is 225868607 prime?
True
Is 860312491 a composite number?
True
Is 29033701537 a prime number?
True
Is 9113381129 a prime number?
False
Is 15746264429 a composite number?
True
Is 4570703461 prime?
True
Is 41921732497 a composite number?
True
Is 137614817 a composite number?
True
Is 261430771 a composite number?
True
Is 2457193 composite?
False
Is 336373637 composite?
True
Is 1576307289 composite?
True
Is 57980935667 composite?
True
Is 63881490923 a composite number?
False
Is 712733897 composite?
True
Is 7896368279 prime?
False
Is 980074133 a prime number?
True
Is 36852647443 composite?
False
Is 2097617143 a prime number?
False
Is 6339586067 a composite number?
False
Is 4042592147 a prime number?
False
Is 66004402291 composite?
False
Is 2893822847 a prime number?
True
Is 28278319361 a composite number?
True
Is 1352211635 a composite number?
True
Is 1377681829 composite?
False
Is 29529230671 a composite number?
False
Is 9838105643 a composite number?
False
Is 194705667349 a composite number?
True
Is 2712793439 a composite number?
True
Is 14007298259 a composite number?
False
Is 37676359 prime?
False
Is 1611439289 a composite number?
False
Is 405209821 a prime number?
False
Is 1977794278 composite?
True
Is 51655575729 a prime number?
False
Is 3061878419 composite?
True
Is 191784266423 composite?
True
Is 3833028806 prime?
False
Is 44591513413 a composite number?
False
Is 674747563963 a prime number?
False
Is 541900834 prime?
False
Is 774269799 prime?
False
Is 38950836311 composite?
False
Is 1579938797 a prime number?
False
Is 98478963071 a prime number?
True
Is 3178882427 composite?
True
Is 5623342481 prime?
True
Is 3005697271 a prime number?
False
Is 1734413623 a prime number?
True
Is 37393246049 a prime number?
True
Is 1278090587 composite?
True
Is 403430941 a composite number?
False
Is 927575479 a composite number?
False
Is 24253060099 a composite number?
False
Is 1267890587 a prime number?
True
Is 41121062823 prime?
False
Is 45314413 a composite number?
False
Is 667452173 prime?
True
Is 124181590571 a composite number?
False
Is 443037919 a prime number?
False
Is 10013605081 composite?
True
Is 3695161571 a prime number?
True
Is 738763303 a prime number?
True
Is 135579201581 a prime number?
True
Is 271908523439 composite?
True
Is 181531409 a composite number?
False
Is 559631047 composite?
False
Is 5407571431 a composite number?
False
Is 1221197449 a prime number?
True
Is 3812986978 prime?
False
Is 47914094 a prime number?
False
Is 9031048661 a composite number?
False
Is 17583520363 a composite number?
False
Is 14845164703 a composite number?
False
Is 59391912274 composite?
True
Is 68525695363 a composite number?
True
Is 953431301 a prime number?
False
Is 137587501 composite?
False
Is 6162551419 a prime number?
True
Is 355555891 composite?
False
Is 150528876989 composite?
True
Is 9053735477 a composite number?
False
Is 3249994379 prime?
True
Is 5158236007 prime?
True
Is 87883594507 a composite number?
True
Is 1216421491 a composite number?
False
Is 788487215 a composite number?
True
Is 5025739651 composite?
True
Is 210734634139 prime?
True
Is 277197029 composite?
False
Is 555774101 a prime number?
False
Is 5426786299 composite?
True
Is 699030901 a prime number?
True
Is 3008195941 composite?
True
Is 2944093991 a composite number?
False
Is 350387923 a prime number?
True
Is 1388453497 composite?
True
Is 181205029 prime?
True
Is 2079981413 prime?
False
Is 47753767447 a composite number?
True
Is 7237214951 prime?
False
Is 1830689309 a composite number?
True
Is 18826168111 a prime number?
False
Is 9493381847 a composite number?
True
Is 149047168097 composite?
True
Is 4884605259 composite?
True
Is 3367150463 prime?
True
Is 7567994377 a composite number?
False
Is 3050391713 prime?
True
Is 187966277 prime?
True
Is 13906038719 composite?
True
Is 8163946697 a prime number?
True
Is 1234877891 composite?
True
Is 314942701 composite?
True
Is 1387629589 composite?
False
Is 1736529581 a composite number?
True
Is 503171401 prime?
False
Is 51450909 a composite number?
True
Is 19456633303 a prime number?
True
Is 2655495481 composite?
True
Is 9225788017 composite?
True
Is 66914807 composite?
False
Is 2155470067 a prime number?
False
Is 37972600297 a composite number?
False
Is 4884024199 composite?
False
Is 9955062967 composite?
False
Is 223458283 a prime number?
True
Is 2335219177 prime?
True
Is 2022184451 a prime number?
False
Is 177088933 a composite number?
True
Is 5091348893 prime?
True
Is 104147726317 a prime number?
True
Is 2749103501 a composite number?
False
Is 251025373 a composite number?
True
Is 38505202369 a prime number?
True
Is 62794519 a prime number?
False
Is 2637579757 composite?
True
Is 40